-36
Calculate -9 + 0 - (-12 - (-223 + 155)).
-65
What is the value of -3 + 60 + (-10 - (78 + -92))?
61
Calculate 1 + -5 + (-683 - -742).
55
-3 + -68 + 67 + 1 + 13 - 37
-27
Calculate -75 + -15 + 57 - (-2 - 10).
-21
Evaluate (4 - (4 - (-2 + 4))) + (98 - (81 + 27)).
-8
0 + -16 + 4 + (1 + -11 - -11) - -12
1
What is the value of -39 + (20 - (17 - (0 + -24)))?
-60
Evaluate -14 - (116 + -112 + (-5 - (6 + 6 + 0))).
-1
Evaluate (37 - 1 - 61 - (0 + -5)) + 131.
111
Evaluate (42 + -19 - 61) + 17.
-21
What is (-6 - -14) + 54 + (24 - 49) + 16?
53
What is -26 + 81 + -137 + 5?
-77
Calculate 73 + (8 - 64) + -32 - ((-2 - -1) + 52).
-66
What is the value of 8 + (-17 - -5) + -6 + -2 + 1?
-11
Calculate (-9 - -9 - 3 - -8 - -8) + -2 + -28.
-17
-106 - (-72 - (-46 - -21))
-59
Calculate 0 - (0 - 0) - (633 + -532).
-101
Evaluate 172 - 164 - (-3 + (-1 - (-3 - (-78 - 5)))).
92
What is (5 - -26) + 3 + 23 + -12?
45
Evaluate 20 - (-2 + 50 + 14) - -3.
-39
Calculate -1 - (-77 - -1) - (-1 - -2) - (-49 - -55).
68
Evaluate (11 - 15) + (-2 - -52) + -17 + 4.
33
What is -427 + 421 - (-1 - -33) - (-2 + 5 + -3)?
-38
Calculate -20 + -21 + 51 + -14 + -1.
-5
Evaluate 1 + (-17 - (0 + 0 + -23)).
7
Calculate -67 + 48 - 7 - (-1 - 8).
-17
Calculate -33 + 20 + (10 + -7 - 52 - 11).
-73
What is 53 - -1 - (-14 - 16 - (-102 + 57))?
39
What is the value of 116 + (-39 + 4 - -17) + (-20 - -29)?
107
Evaluate 9 + -1 - (0 + 4 + (5 - 15) + 3).
11
What is the value of 1 + 52 + (-631 - -609)?
31
Calculate 8 - (-25 + 32) - (47 + 10 + -12).
-44
35 + 18 + -6 - (-18 - 4 - -9)
60
What is (7 - 17 - 44) + (-20 - (15 + -22))?
-67
What is the value of (7 + -11 - ((-3 - -8) + 12)) + 34 + -46?
-33
Evaluate (12 + 0 - (8 + 1 - (403 - 405))) + 40.
41
What is the value of (-46 + 5 - -2) + (34 - 23 - 4)?
-32
What is 15 + (-15 + 12 - -10) + -10 + 1 + 0?
13
1 - 17 - (3511 + -3572)
45
Evaluate 0 + -3 + -36 + -13 + (-30 - -51) + -3.
-34
Calculate 21 + -20 + 8 + 2 + (-2 - 46).
-37
What is (53 + -15 - 27) + -4 - 70?
-63
What is 19 - 14 - (0 + 39) - ((7 - 5) + -2)?
-34
What is the value of 8 + -95 + -7 + 49?
-45
44 + -119 + 25 + 16
-34
Evaluate -1 + 67 - (-147 + 188).
25
What is the value of 2 + (20 - 53) + 0 + 13?
-18
Calculate 150 + (97 - -30) + -145.
132
What is the value of -3 + 0 + 1 + (-41 - -52) + -8?
1
What is (-69 - 1) + 3 + (0 - -12 - (-40 - -44))?
-59
Evaluate 12 - 0 - (-603 - -588 - (1 - 17)).
11
What is the value of (3 + -17 + 2 - -20 - -129) + -24?
113
19 + 0 + -62 + 105 + -84
-22
What is the value of 103 + -2 - (9 + -10 + 15 + 6 - 12)?
93
31 - 218 - -57 - -88
-42
40 - -4 - (139 + -89)
-6
What is (-67 - 31 - -61) + -16?
-53
Evaluate -48 + -77 - -7 - -8.
-110
Evaluate 0 + 27 - (202 + -50 + -134).
9
Evaluate 1 - (64 - -8) - (-21 + 8 - -7).
-65
What is the value of 13 + -9 - 14 - (1 + -65 - -5)?
49
Evaluate 0 + ((7 + -3 - 19) + 2 + 3 - -10).
0
Evaluate 59 - (21 - (-44 + 21)).
15
What is the value of 191 - (200 - (129 - -8))?
128
What is the value of 10 + (20 - (4 + (29 - (18 + 2))))?
17
Evaluate -14 - (14 - 2 - -69) - (11 + -9 + 2).
-99
23 + (19 - -27) - 202
-133
Calculate 30 - (33 + (-2 - -22) + -68).
45
2 - (-22 + -11 + 133)
-98
(-1 - (1 + 3 + 1)) + (-77 - -82) - -66
65
What is the value of (11 - (-4 + -13) - 12) + 21?
37
-70 - (-122 + (70 - -33))
-51
-8 + -1 + -4 - (27 + -46) - 34
-28
Evaluate (19 - 3) + 3 + -49 + 38 + (0 - 1).
7
(283 + -309 - (-15 - 0)) + 36
25
Calculate (2224 - 2209) + (0 - 8).
7
Calculate (-137 - -166) + (14 - -33 - 10).
66
What is the value of 17 - (16 - (-3 - -13)) - 83 - (-3 - 1)?
-68
91 + (9 - -3 - 7 - (12 - (-27 + 25)))
82
What is 71 - 0 - (-19 + (4 - -7) + 20) - 8?
51
Evaluate -1958 + 1964 + (-5 - -3 - -2) + 35.
41
491 + -555 - ((-5 - -5) + 1 + 17)
-82
Evaluate (-2 - -21 - (-465 + 463)) + (9 - 0).
30
-21 + 15 + 12 - -46
52
What is the value of 67 + -44 + -33 - (0 - 33)?
23
What is the value of (-50 - (-30 - (-30 - -42))) + 1 + -145?
-152
What is 26 + (1 - (-1 - 13)) + -33 + (13 - 2)?
19
-22 + 3 + -2 - (-431 - -377)
33
24 + (155 - (18 + 86))
75
What is the value of -1259 + 1269 - (0 + -15 + -5)?
30
Evaluate 1 + (13 - 24) - 60.
-70
What is the value of -1 + 92 + (99 - 208) + (-1 - -2)?
-17
Calculate -5 + (-29 - (-65 + 114)).
-83
What is the value of 67 - (77 - 8) - ((-3 - 1) + 0 + 3)?
-1
Evaluate -8 - (47 - (-25 + 57)).
-23
Evaluate 13 - 38 - 16 - -52.
11
Calculate (-15 + 23 - (-8 + -17)) + (-2 - (-2 - -2)).
31
1 + -3 + (2 - (-63 - (-25 + 53)))
91
What is (137 - 416 - -213) + -1 + -1 + 2 + 5?
-61
(-3 - 4) + -7 - (-8 - (1 - 3)) - -18
10
What is the value of -66 + (70 - 7) - 46?
-49
What is -42 + -2 - ((8 - -9) + -9 + -11)?
-41
What is the value of 62 - (-11 - (58 - 156))?
-25
What is -14 - (21 - (-9 - -26)) - (-8 - -3)?
-13
What is the value of (-15 - (41 - 41)) + (-54 - 12)?
-81
Calculate (0 + 22 - ((21 - 85) + 97)) + (-16 - -1).
-26
(10 - -15 - -4) + 0 - (-8 + 4 + 4)
29
What is the value of -58 - ((5 - -3) + -13)?
-53
What is the value of (-23 - (27 - 53)) + 17 + 3 + 0?
23
What is 30 + -11 - 33 - (-78 - (9 + -16) - -3)?
54
What is 13 - 24 - (22 + 12) - 10?
-55
Calculate 45 + (-28 - -17 - ((5 - 4) + -5)).
38
Calculate 117 + -121 - (5 + (-7 - (-2 + -11))).
-15
-50 - (-31 - 23) - (-2 + 123) - -9
-108
What is 75 + (22 + (14 - 20) - 15)?
76
Calculate -16 + 7 - (-49 + (44 - -13) - (1 + -1)).
-17
(20 - -7 - -5) + (19 - (-23 + 35))
39
Calculate -7 - -7 - (-9 - 4 - -55 - 6).
-36
What is the value of 50 - (130 - (-65 + 49))?
-96
Evaluate -57 + 22 + -17 - -23.
-29
What is 245 + -248 - (-1 + 89 - ((2 - 0) + 4))?
-85
Evaluate -13 - (-10 + 11 + 0 + -19 + 56 + -60).
9
Evaluate 8 + -9 + 15 - 16 - 9 - -109 - 13.
85
What is the value of 41 - 50 - (8 - ((11 - -1) + 1))?
-4
What is the value of 14 + 1 - (41 - (-4 - 25))?
-55
Evaluate (-3 - -16) + (20 - (17 + 12 + -21)).
25
1 + 10 - (25 + (-18 - -2) - -6)
-4
What is -87 + (-7 - (-22 + -31 + 22))?
-63
Calculate 84 + -35 + -14 - (-5 + -5 + 11).
34
Calculate (16 - (-13 - (10 - 10) - -20)) + -44.
-35
Evaluate 2 + -3 + 0 - (519 - 595).
75
What is -64 + -38 + 64 + -23?
-61
Calculate (-15 - -30) + -4 - -26 - 1.
36
Calculate 6 + -4 + -10 + -22 + 21.
-9
(-15 - (-34 - -5)) + (-12 + 8 - 84)
-74
What is 93 - (10 - (-11 + -28))?
44
What is the value of -5 - (-58 - (32 - 10))?
75
What is 0 + 36 - (2 + 5 + -10) - (1 + 9)?
29
Calculate 6 + -11 + 4 - (22 + -2 + -27).
6
Calculate 127 + (-88 - 60) - 12.
-33
Evaluate (3 - 7) + 1 + 62 - (-537 + 533).
63
What is -118 + (55 - (20 + 11)) + 1 + -1 + 7?
-87
Calculate -164 - -109 - -98 - 38.
5
Evaluate -1 + 88 + 730 + -758.
59
-73 + -2 - (96 - 83) - (-10 - -6 - -1)
-85
35 + (22 + -22 - -21 - 25)
31
-1 - -6 - (1050 - 1021 - (7 - -1))
-16
Evaluate -45 + (-24 + 4 - (-11 + 15 + -17)).
-52
What is the value of 73 + (12 - 86 - -22)?
21
What is the value of (-21 - (6 - 21)) + (1 - (-3 - -50))?
-52
Evaluate 9 + 0 - (8 + (-6 - (0 - 2))) - 6.
-1
What is the value of 31 - (-8 - (-45 - -20)) - (1 + -1 - -9)?
5
What is the value of -64 + 45 - -9 - (-1 + (1 - -9))?
-19
Evaluate -7 - (-11 - (-22 - -7)) - (4 - 2 - -27).
-40
Calculate (112 - 1) + 2192 + -2411.
-108
Calculate 25 + -27 - (-2 - -14) - (0 + 28).
-42
What is the value of 12 + -9 + 12 + (-12 - -9)?
12
What is -44 - 96 - -77 - -141?
78
Evaluate -44 + (16 - 34) + 51.
-11
Evaluate (-21 - -31) + -52 + -3 + -2 + -3.
-50
What is -4 + 0 + (-21 - (-101 - -67)) - -25?
34
Evaluate 44 - -10 - ((36 - 22) + 19).
21
What is 123 + -110 + 3 + 7 + 43?
66
What is the value of 141 + (-149 - 19) + -85?
-112
Calculate (30 - (28 + -3)) + 5 + (-16 - -11).
5
Evaluate (-2 - 11) + 15 + (5 + 25 + -5 - 5).
22
What is the value of (-6480 - -6481) + (1 - 2 - -3)?
3
What is the value of (-21 - -40) + -28 + -3 + 4?
-8
Evaluate 24 + (-40 + 31 - 34) + -66.
-85
Calculate 68 + (25 - (17 - -16)) - -32.
92
What is 21 + 2 + (-31 - 4) - -49?
37
What is the value of (37 - 26) + (-151 - (-14 - (-22 - -5)))?
-143
Evaluate -10 - (-139 + -98 + 93).
134
What is the value of (-640 - -634 - (20 + 1)) + 93?
66
Calculate 39 + (20 + -53 - -2) + (-59 - -3).
-48
What is the value of 5 + (-3 + -2 - -1) - (-8 + (13 - 23))?
19
What is the value of (19 - -17 - 8 - 24) + -11 + 58 + 2?
53
Calculate -199 - -186 - (2 + 2 + 13 + -4).
-26
What is 67 - (11 - -21) - (-3 + 3 + -5) - 0?
40
Calculate -29 + (-47 - (119 - 243)).
48
-18 - ((-11 - -23) + -26)